+ s**2. Let i(j) = -j**3 + 12*j**2 + 7*j + 8. Let x(g) = -i(g) + 5*k(g). What is the units digit of x(9)?
1
Suppose 10*c + 40*c = 13*c + 634069. What is the hundreds digit of c?
1
Let l = -6 - -9. Suppose 4*q - 3*i = -0*i + 8, -6 = -l*q - 2*i. Suppose -b - 2*g = -g - 47, -5*b + 214 = -q*g. What is the tens digit of b?
4
Let d(j) = -j**2 - 28*j - 160. Let u be d(-14). Let m(r) = 9*r - 132. What is the tens digit of m(u)?
9
Suppose 3*a + 23 = x, -2*a - 48 = -5*x + 80. Suppose 4*f = x + 150. Suppose s + 6 = 5*g + f, s = g + 54. What is the tens digit of s?
5
Suppose 9*s + 4*s - 340119 = -6*s. What is the hundreds digit of s?
9
Let n(m) = -7*m**3 + 5*m**2 + 4*m - 1. Let f be n(-2). Suppose -252 = -0*l - 4*l. Let s = f - l. What is the units digit of s?
4
Let h = 41045 + -23749. Let i be h/40 + (-4)/10. Suppose 0 = -7*g + 11*g - i. What is the tens digit of g?
0
Let p = -4 + 4. Suppose p = 3*a - 4*a - 173. Let h = 298 + a. What is the units digit of h?
5
Suppose -4*u - 2 = -5*u, -8938 = -2*g + 2*u. Suppose 149 = 12*h - g. What is the tens digit of h?
8
Suppose 15458 = 7*v - 2042. Suppose 4556 = 8*j - v. What is the tens digit of j?
8
Suppose 59*p = 65*p. What is the hundreds digit of (3 - 1) + p + -5 + 939?
9
Let k = 38267 - 22034. What is the tens digit of k?
3
Suppose -l + 3258 = -3*i - 5646, -4*i = -2*l + 17796. What is the thousands digit of l?
8
Let g(s) = s**3 + 18*s**2 + 20*s + 24. Let j be g(-17). Let n be 42*(-12*6/j - -1). Let r = 224 - n. What is the units digit of r?
0
Suppose 4*y + 3*y - 14 = 0. Suppose 2*u + 4*r = 20, y*u = -u + 5*r + 52. Suppose -6*a = -u*a + 496. What is the units digit of a?
2
Let m = 60 + -57. Suppose -56 = -m*h - 2*j, h = -h - 4*j + 48. Suppose h = 2*k - 2*o, 2*o - 64 = -5*k + o. What is the units digit of k?
2
Let r(o) = o**3 - 4*o**2 - 12*o - 139. Let x(u) = -u**2 - 2*u - 1. Let z(v) = -r(v) + 4*x(v). What is the units digit of z(0)?
5
Let t = -72 + 89. Suppose 2*v - 3*g - 265 = 0, 2 - t = 3*g. What is the units digit of v?
5
Suppose -13*d + 22*d - 326727 = 0. What is the units digit of d?
3
Let z(d) be the first derivative of -d**4/4 + 14*d**3/3 + 31*d**2/2 - 2*d - 26. Let x be z(16). What is the units digit of (7*8)/((-6)/x)?
8
Suppose 2*p - 1320 = -3*p. Let h be (98/(-8))/((-22)/p). Suppose 2*l + h = 629. What is the hundreds digit of l?
2
Suppose -v - 9940 = -15*v. Let z = v + -435. What is the tens digit of z?
7
Suppose -333 = -o - 3*x, 14*o = 17*o + 4*x - 1014. What is the units digit of (-2 - (3 - 3)) + o?
0
Suppose 0 = -5*w + 26856 + 5279. What is the tens digit of w?
2
Let n(m) = -8*m**2 - 10*m + 39. Let s be n(-10). Let l = s + 1104. What is the units digit of l?
3
Suppose 218*l - 301*l = -3342825. What is the ten thousands digit of l?
4
Let x(y) = -23 - 176*y - 15*y - 27. What is the hundreds digit of x(-4)?
7
Let r(v) = -18*v**3 + 3*v**2 - 3*v - 4. Let p = -17 - -14. Let q be r(p). Suppose 2*d - 3*b + 158 = q, 3*b = 3*d - 534. What is the tens digit of d?
7
Suppose 0 = -9*d - 7*d - 4928. Let h = -102 - d. What is the units digit of h?
6
Let n(v) = 59*v**2 - 3*v - 9. Let h be n(6). What is the tens digit of 2/(-8) - 15*h/(-108)?
9
Let k(l) = -25 + 18*l + 27*l**2 + 123 + l**3 - 32 + 11. What is the hundreds digit of k(-25)?
8
Suppose 0 = 14*x + 2*g - 11228, 3226 = 4*x - 48*g + 46*g. What is the hundreds digit of x?
8
Suppose 3*z + 129589 = 4*p - 46475, 3*z + 12 = 0. What is the tens digit of p?
1
Let o = -30 - -32. Suppose 0 = -2*h + o*r - 2, 3*h + 2*h = -5*r - 35. What is the units digit of -3 - (-78 + (-6 - h))?
7
Let y(a) = -2*a**2 - 9*a + 1. Let u be y(-4). Suppose -7 = u*z + 93. What is the units digit of 4/5 - 1804/z?
1
Let l(o) = -9744*o + 6. Let r be l(-1). Suppose -30*q + r + 20340 = 0. What is the units digit of q?
3
Suppose -60*v = -v - 382438. What is the hundreds digit of v?
4
Let q(t) = 9*t**2 + 5*t + 118. What is the units digit of q(8)?
4
Let d(f) = -103*f - 5 - 3 - 2 + 17*f**2 + 107*f. What is the tens digit of d(-5)?
9
Let m(l) be the first derivative of 4*l**2 + 25*l + 2. Suppose 0 = -108*f + 112*f - 24. What is the tens digit of m(f)?
7
Suppose -21*m + 605967 = -3*u, -151*m - 2*u + 57702 = -149*m. What is the ten thousands digit of m?
2
Let c be (-6)/((-78)/80 + (-12)/(-20)). Let f = -6 - c. What is the tens digit of 4/f - (-2900)/220?
1
Suppose 4*k - 275275 + 20566 = -3*k. What is the ten thousands digit of k?
3
What is the hundreds digit of 35028636/3264 + (-6)/(-32)?
7
Let l be (-50)/4*4/(-5)*-58. Let d = -2084 - l. What is the units digit of -4 + d/(-24) + (-1)/(-3)?
9
Suppose 22*v = 10*v - 12*v + 647040. What is the units digit of v?
0
Let d = 1655 - 626. Let k = 1802 - d. What is the hundreds digit of k?
7
Suppose -171*z + 556377 + 2273502 = 0. What is the ten thousands digit of z?
1
Let a = 4067 + -1826. What is the thousands digit of a?
2
Suppose 3*t - 14 = -5. Suppose 0 = 2*m - 6, -t*j + 644 + 994 = -2*m. What is the tens digit of j?
4
Let g(p) = 866*p - 12. Let f be g(5). Let s(y) = y**3 - y**2 - y + 1. Let l be s(1). Suppose l = 13*j + 4*j - f. What is the units digit of j?
4
Let l(a) = a**3 + 6*a**2 + 5*a + 32. Let g be l(-6). Suppose 5*f - u = 2175, 0 = -g*f - 5*u + 134 + 736. What is the units digit of f?
5
Let r = 462 + -317. Let w = -44 - -48. Suppose 0 = w*f - s - 633, -s - r + 776 = 4*f. What is the units digit of f?
8
Suppose 77*a - 190*a = -5814867. What is the units digit of a?
9
Let a(t) = -772*t + 4966. What is the hundreds digit of a(-5)?
8
Let h(s) = 286*s - 4768. What is the thousands digit of h(38)?
6
Let x(a) = 173*a - 508. What is the tens digit of x(20)?
5
Let n = -2 - -12. Suppose 792 = n*j - 538. Suppose -u - 250 = -2*a - 3*u, -a + j = 5*u. What is the hundreds digit of a?
1
Let x = -324 + 331. Suppose 3*i + 4*k - 2019 = 0, -x*k = -12*k. What is the tens digit of i?
7
Suppose -19*j + 21*j - 6 = 0. Let v(l) = -l**3 - 6*l**2 + 2*l - 11. Let t be v(-7). What is the tens digit of 39 + -2 + t/(-4) + j?
3
Let i be (-1)/(-1) + 8 - 3154. Let d = i + 4538. What is the thousands digit of d?
1
Suppose -5*i - 25 = 0, -3*u + 3*i = i - 16. What is the units digit of 2580/40*u/(-6)*-20?
0
Suppose -3*g = 3*z - 24675, -g + 20 = 15. What is the thousands digit of z?
8
Suppose -2*l - 23 = l - 2*q, 3*q = 3*l + 18. Let k(a) = -3*a - 7*a + 0*a - a + 17. What is the tens digit of k(l)?
3
Suppose i - 20*o = -16*o + 27301, -i = 4*o - 27333. What is the ten thousands digit of i?
2
Let y = 64266 - 33944. What is the tens digit of y?
2
Let z = 5031 + 14475. What is the tens digit of z?
0
What is the units digit of (-4*(-15)/60)/(((-4)/(-22136))/1)?
4
Suppose -4*i + 3*m - 125 = 0, 119*i = 120*i - m + 32. Let v(d) = d**3 + 34*d**2 + 96*d + 19. What is the thousands digit of v(i)?
1
Suppose -20*t + 47*t - 111476 = 401254. What is the hundreds digit of t?
9
Suppose -7 = -2*b + q, 8*b = 12*b - q - 15. Suppose -2*l - 4*n - 327 = -3*l, 1308 = b*l + 4*n. What is the hundreds digit of l?
3
Suppose -3*n + 13203 = -4*j - 14749, -n - 4*j = -9328. What is the tens digit of n?
2
Suppose -138*z + 274*z + 60692 = 140*z. What is the thousands digit of z?
5
Let s(x) = 3 + 20 + 0*x**2 + x**2 - 7 + 2*x. What is the hundreds digit of s(13)?
2
Suppose 73*f - 92667 = 146545 - 45470. What is the tens digit of f?
5
Let k be (-2)/(4/(-253))*4. Let f(t) = -t**3 - 12*t**2 - 26*t + 14. Let d be f(-9). Suppose 2*c + 1265 = d*u + c, 3*c + k = 2*u. What is the units digit of u?
3
Let a(z) = 3*z**2 + 237*z + 102. What is the hundreds digit of a(-100)?
4
Suppose 6*d - 4*b - 98928 = 0, 0*d - 32960 = -2*d - 4*b. What is the tens digit of d?
8
Let a be ((-20)/(-8))/(3/6). Suppose 25 = -a*s, -4*s = -2*p - 7*s - 7. Suppose -3*f + 152 + 139 = -3*c, 0 = -5*f - p*c + 530. What is the tens digit of f?
0
Let m(r) = 77*r + 2. Let v be m(3). Suppose -i = -2*c + v, 2*c - 125 = 4*i + 117. Suppose -5*t + c = -0*t. What is the tens digit of t?
2
Suppose -204*g + 2053490 = -2328863 - 5100587. What is the ten thousands digit of g?
4
Let d(t) = -t**3 + 93*t**2 - 98*t + 637. What is the units digit of d(91)?
1
Suppose 4*n = n - n. Suppose -5*z + 147 = 3*c, 35 = c - n*c - 3*z. Let d = c - 28. What is the tens digit of d?
1
Suppose 4*z - 2*o + 5*o + 795 = 0, 0 = 4*o - 12. Let t = 18 + z. Let m = -65 - t. What is the units digit